tiple of 9?
False
Does 4 divide 1985?
False
Is 2264 a multiple of 28?
False
Does 39 divide 2480?
False
Does 72 divide 34522?
False
Is 46 a factor of 1156?
False
Is 77 a factor of 196?
False
Is 1002 a multiple of 32?
False
Does 2 divide 180?
True
Is 43 a factor of 13477?
False
Is 77 a factor of 3465?
True
Is 110352 a multiple of 16?
True
Is 9842 a multiple of 14?
True
Does 19 divide 2641?
True
Is 33 a factor of 393?
False
Is 22410 a multiple of 24?
False
Is 10 a factor of 1259?
False
Does 5 divide 1112?
False
Is 8 a factor of 328?
True
Is 15576 a multiple of 59?
True
Is 149 a factor of 18817?
False
Does 8 divide 16?
True
Is 1233 a multiple of 10?
False
Does 117 divide 3276?
True
Is 44 a factor of 1049?
False
Does 19 divide 4048?
False
Is 8 a factor of 184?
True
Is 62 a factor of 487?
False
Is 7 a factor of 329?
True
Does 48 divide 3216?
True
Is 814 a multiple of 74?
True
Is 10 a factor of 8360?
True
Is 33030 a multiple of 18?
True
Does 22 divide 11621?
False
Does 10 divide 5798?
False
Is 26 a factor of 1928?
False
Is 46 a factor of 276?
True
Is 9 a factor of 4320?
True
Is 18832 a multiple of 107?
True
Does 16 divide 1184?
True
Does 35 divide 4635?
False
Is 2100 a multiple of 61?
False
Does 4 divide 557?
False
Does 44 divide 3484?
False
Is 7 a factor of 11?
False
Does 54 divide 162?
True
Is 10 a factor of 290?
True
Is 32 a factor of 832?
True
Is 7 a factor of 3485?
False
Is 7 a factor of 735?
True
Is 66 a factor of 14322?
True
Does 5 divide 205?
True
Does 9 divide 601?
False
Does 10 divide 952?
False
Does 5 divide 6100?
True
Is 16023 a multiple of 21?
True
Is 14 a factor of 2982?
True
Is 13832 a multiple of 28?
True
Is 4 a factor of 241?
False
Is 3 a factor of 5508?
True
Is 6 a factor of 216?
True
Is 29 a factor of 13578?
False
Does 11 divide 992?
False
Is 4959 a multiple of 114?
False
Is 127 a multiple of 9?
False
Is 972 a multiple of 7?
False
Is 41494 a multiple of 7?
False
Is 4 a factor of 984?
True
Is 1540 a multiple of 11?
True
Is 1696 a multiple of 32?
True
Does 88 divide 5456?
True
Does 42 divide 241?
False
Is 52 a factor of 298?
False
Does 53 divide 262?
False
Does 138 divide 29555?
False
Is 97 a factor of 1814?
False
Is 22866 a multiple of 32?
False
Does 165 divide 1815?
True
Is 3951 a multiple of 14?
False
Is 5380 a multiple of 28?
False
Does 63 divide 1008?
True
Is 4887 a multiple of 60?
False
Does 175 divide 9644?
False
Does 2 divide 71?
False
Does 33 divide 1980?
True
Is 220 a factor of 23540?
True
Does 15 divide 628?
False
Is 29 a factor of 87?
True
Is 11 a factor of 506?
True
Is 17 a factor of 3534?
False
Is 8244 a multiple of 14?
False
Is 3491 a multiple of 158?
False
Is 121 a multiple of 19?
False
Is 92 a factor of 6871?
False
Is 40 a factor of 4760?
True
Is 733 a multiple of 26?
False
Is 16368 a multiple of 33?
True
Is 4 a factor of 31468?
True
Is 62028 a multiple of 26?
False
Is 1953 a multiple of 93?
True
Does 11 divide 9614?
True
Does 46 divide 36570?
True
Is 715 a multiple of 11?
True
Is 13119 a multiple of 8?
False
Is 4 a factor of 484?
True
Does 5 divide 8188?
False
Is 29 a factor of 14848?
True
Is 612 a multiple of 68?
True
Does 14 divide 2710?
False
Is 10 a factor of 1660?
True
Does 3 divide 4692?
True
Is 9945 a multiple of 13?
True
Is 808 a multiple of 8?
True
Is 6 a factor of 258?
True
Is 11 a factor of 3476?
True
Is 19947 a multiple of 183?
True
Does 104 divide 35880?
True
Is 9659 a multiple of 4?
False
Is 29 a factor of 16635?
False
Is 11 a factor of 189?
False
Does 3 divide 720?
True
Is 2954 a multiple of 10?
False
Is 40 a factor of 2687?
False
Is 13500 a multiple of 36?
True
Is 4212 a multiple of 26?
True
Is 801 a multiple of 49?
False
Is 749 a multiple of 3?
False
Is 11 a factor of 469?
False
Is 30 a factor of 720?
True
Does 14 divide 183?
False
Is 370 a multiple of 10?
True
Does 14 divide 252?
True
Does 18 divide 3730?
False
Is 26 a factor of 2230?
False
Does 5 divide 324?
False
Is 7 a factor of 2639?
True
Is 69 a multiple of 7?
False
Is 28035 a multiple of 81?
False
Is 25 a factor of 782?
False
Does 14 divide 5698?
True
Does 44 divide 1276?
True
Does 63 divide 156?
False
Is 47 a factor of 42378?
False
Does 3 divide 94?
False
Is 648 a multiple of 18?
True
Does 67 divide 8174?
True
Does 91 divide 2040?
False
Is 11 a factor of 22?
True
Is 2870 a multiple of 70?
True
Does 81 divide 6443?
False
Is 10 a factor of 645?
False
Does 15 divide 405?
True
Is 80 a factor of 2000?
True
Does 3 divide 447?
True
Is 10788 a multiple of 62?
True
Is 23 a factor of 6062?
False
Does 12 divide 747?
False
Does 31 divide 17424?
False
Is 155 a factor of 11712?
False
Is 14032 a multiple of 13?
False
Does 28 divide 7072?
False
Is 911 a multiple of 89?
False
Is 2209 a multiple of 9?
False
Does 85 divide 6630?
True
Does 161 divide 2737?
True
Is 537 a multiple of 11?
False
Is 748 a multiple of 44?
True
Does 25 divide 700?
True
Does 11 divide 189?
False
Is 22 a factor of 132?
True
Is 17590 a multiple of 10?
True
Is 61 a factor of 5912?
False
Does 17 divide 599?
False
Does 39 divide 117819?
True
Is 10449 a multiple of 44?
False
Is 5570 a multiple of 43?
False
Does 15 divide 6690?
True
Does 6 divide 7368?
True
Is 30 a factor of 1800?
True
Is 19538 even?
True
Does 7 divide 831?
False
Is 23 a factor of 204?
False
Is 18207 a multiple of 21?
True
Does 10 divide 35411?
False
Is 39 a factor of 27027?
True
Does 83 divide 2753?
False
Is 8360 a multiple of 22?
True
Is 31 a factor of 419?
False
Does 5 divide 2875?
True
Is 2863 a multiple of 10?
False
Is 62 a factor of 2697?
False
Is 6 a factor of 360?
True
Does 25 divide 600?
True
Does 48 divide 5856?
True
Does 123 divide 8118?
True
Is 8028 a multiple of 36?
True
Does 75 divide 450?
True
Does 30 divide 6238?
False
Does 12 divide 1766?
False
Is 35 a factor of 1009?
False
Is 1788 a multiple of 6?
True
Is 3155 a multiple of 12?
False
Does 30 divide 13290?
True
Is 12 a factor of 11964?
True
Is 4 a factor of 1236?
True
Does 23 divide 437?
True
Does 95 divide 27556?
False
Is 40 a factor of 4140?
False
Is 14 a factor of 14071?
False
Does 12 divide 26463?
False
Is 2205 a multiple of 32?
False
Is 16 a factor of 10834?
False
Is 5199 a multiple of 103?
False
Is 28 a multiple of 14?
True
Is 21714 a multiple of 13?
False
Is 39384 a multiple of 9?
True
Does 26 divide 25778?
False
Does 23 divide 6215?
False
Is 14 a factor of 568?
False
Does 4 divide 2792?
True
Is 186 a multiple of 6?
True
Is 26 a factor of 364?
True
Is 35 a factor of 52360?
True
Is 4 a factor of 3256?
True
Is 8 a factor of 17632?
True
Does 28 divide 420?
True
Does 88 divide 8536?
True
Does 17 divide 272?
True
Does 6 divide 2670?
True
Is 7844 a multiple of 53?
True
Is 1199 a multiple of 36?
False
Is 13 a factor of 342?
False
Does 67 divide 1307?
False
Is 42 a factor of 924?
True
Is 13150 a multiple of 263?
True
Is 65 a factor of 500?
False
Is 29281 a multiple of 47?
True
Does 62 divide 11097?
False
Is 1175 even?
False
Is 109 a factor of 545?
True
Is 24 a factor of 8527?
False
Is 25 a factor of 386?
False
Is 681 a multiple of 57?
False
Is 5356 a multiple of 13?
True
Is 10 a factor of 185?
False
Is 4067 a multiple of 7?
True
Is 10 a factor of 1372?
False
Is 14 a factor of 21574?
True
Is 145 a factor of 15348?
False
Is 288 a factor of 48384?
True
Is 45594 a multiple of 306?
True
Is 534 a multiple of 6?
True
Does 6 divide 194?
False
Is 151 a factor of 5738?
True
Does 32 divide 1312?
True
Does 2 divide 579?
False
Does 7 divide 103?
False
Is 34 a factor of 163027?
False
Is 22176 a multiple of 7?
True
Is 11 a factor of 231?
True
Is 171 a multiple of 19?
True
Does 121 divide 6015?
False
Is 45 a factor of 26264?
False
Is 37 a factor of 30525?
True
Does 9 divide 513?
True
Does 36 divide 5400?
True
Does 22 divide 23283?
False
Is 7085 a multiple of 46?
False
Does 8 divide 3564?
False
Is 149 a factor of 1937?
True
Is 10 a factor of 263?
False
Is 26 a factor of 14248?
True
Is 29 a factor of 1073?
True
Is 16398 a multiple of 104?
False
Is 29394 a multiple of 32?
False
Is 11 a factor of 66880?
True
Does 20 divide 20347?
False
Does 49 divide 686?
True
Is 24 a multiple of 3?
True
Does 8 divide 539?
False
Does 69 divide 26893?
False
Does 9 divide 774?
True
Is 1664 a multiple of 26?
True
Is 36100 a multiple of 100?
True
Is 2013 even?
False
Is 26 a factor of 40624?
Fals